{"id":657,"date":"2017-01-14T09:31:47","date_gmt":"2017-01-14T08:31:47","guid":{"rendered":"http:\/\/urban-gardening-blog.de\/Blog\/?page_id=657"},"modified":"2021-06-02T14:29:56","modified_gmt":"2021-06-02T12:29:56","slug":"heilpflanzen","status":"publish","type":"page","link":"https:\/\/urban-gardening-blog.de\/Blog\/heilpflanzen\/","title":{"rendered":"Heilpflanzen"},"content":{"rendered":"<p>Hier findet ihr meine Heilpflanzen-Portr\u00e4ts. Sie sollen euch zeigen welche Pflanzen von Balkon und Terrasse ihr auch zur Unterst\u00fctzung eurer Gesundheit verwenden k\u00f6nnt und wie. Tipps zur korrekten Pflege der jeweiligen Pflanze d\u00fcrfen nat\u00fcrlich auch nicht fehlen.<\/p>\n<ul>\n<li><a href=\"https:\/\/urban-gardening-blog.de\/Blog\/wp-content\/uploads\/2017\/01\/Calendula.pdf\">Calendula<\/a><\/li>\n<li><a href=\"https:\/\/urban-gardening-blog.de\/Blog\/wp-content\/uploads\/2017\/01\/Kamille.pdf\">Kamille<\/a><\/li>\n<li><a href=\"https:\/\/urban-gardening-blog.de\/Blog\/wp-content\/uploads\/2017\/01\/Lavendel.pdf\">Lavendel<\/a><\/li>\n<li><a href=\"https:\/\/urban-gardening-blog.de\/Blog\/wp-content\/uploads\/2017\/01\/Passionsblume.pdf\">Passionsblume<\/a><\/li>\n<li><a href=\"https:\/\/urban-gardening-blog.de\/Blog\/wp-content\/uploads\/2017\/01\/Salbei.pdf\">Salbei<\/a><\/li>\n<li><a href=\"https:\/\/urban-gardening-blog.de\/Blog\/wp-content\/uploads\/2017\/01\/Thymian.pdf\">Thymian<\/a><\/li>\n<\/ul>\n<p>Und hier noch ein paar <strong>Infos zu Heilpflanzen allgemein <\/strong>(Wie trockne ich Bl\u00fcten und Bl\u00e4tter richtig? Wie stelle ich einen \u00d6lauszug her? u.v.m.):<\/p>\n<p><a href=\"https:\/\/urban-gardening-blog.de\/Blog\/wp-content\/uploads\/2020\/10\/Grundlagen-Verarbeitung-von-Heilplfanzen.pdf\">Grundlagen der Verarbeitung von Heilpflanzen<\/a><\/p>\n<p><a href=\"https:\/\/videos.mysimpleshow.com\/zCTLDBRc8h\">Video: Herstellung eines \u00d6lauszuges (Kaltauszug)<\/a><br \/><br \/><a href=\"https:\/\/videos.simpleshow.com\/BJph2to8J2\">Video: Einfache Salbenherstellung<\/a><\/p>\n<div id=\"attachment_651\" style=\"width: 310px\" class=\"wp-caption alignnone\"><img loading=\"lazy\" decoding=\"async\" aria-describedby=\"caption-attachment-651\" class=\"wp-image-651 size-medium\" src=\"https:\/\/urban-gardening-blog.de\/Blog\/wp-content\/uploads\/2017\/01\/Tee-Kamille-Lavendel-300x214.jpg\" alt=\"Kamille Tee\" width=\"300\" height=\"214\" srcset=\"https:\/\/urban-gardening-blog.de\/Blog\/wp-content\/uploads\/2017\/01\/Tee-Kamille-Lavendel-300x214.jpg 300w, https:\/\/urban-gardening-blog.de\/Blog\/wp-content\/uploads\/2017\/01\/Tee-Kamille-Lavendel.jpg 700w\" sizes=\"auto, (max-width: 300px) 100vw, 300px\" \/><p id=\"caption-attachment-651\" class=\"wp-caption-text\">Quelle: iStock<\/p><\/div>\n\n\n<p>Bitte denkt daran (Hinweis aus rechtlichen Gr\u00fcnden): Meine Rezepte und Empfehlungen basieren nur auf Erfahrungswerten und sollen weder dazu auffordern sich selbst zu behandeln bzw. eine \u00e4rztliche Behandlung\/Medikation abzubrechen oder zu ersetzen. Ich gebe hier keine Heil- oder Linderungsversprechen ab. Das Nachmachen erfolgt auf eigene Gefahr.<\/p>\n\n\n\n<p>Und f\u00fcr eure eigene Gesundheit: Solltet ihr euch \u201erichtig\u201c krank f\u00fchlen oder es nach einige Tagen nicht besser werden, sucht einen Arzt auf.<\/p>\n","protected":false},"excerpt":{"rendered":"<p>Hier findet ihr meine Heilpflanzen-Portr\u00e4ts. Sie sollen euch zeigen welche Pflanzen von Balkon und Terrasse ihr auch zur Unterst\u00fctzung eurer Gesundheit verwenden k\u00f6nnt und wie. Tipps zur korrekten Pflege der jeweiligen Pflanze d\u00fcrfen nat\u00fcrlich auch nicht fehlen. Calendula Kamille Lavendel Passionsblume Salbei Thymian Und hier noch ein paar Infos zu Heilpflanzen allgemein (Wie trockne ich <a class=\"continue\" href=\"https:\/\/urban-gardening-blog.de\/Blog\/heilpflanzen\/\">[Continue]<\/a><\/p>\n","protected":false},"author":1,"featured_media":0,"parent":0,"menu_order":0,"comment_status":"closed","ping_status":"closed","template":"","meta":{"_lmt_disableupdate":"no","_lmt_disable":"","footnotes":"","_wp_rev_ctl_limit":""},"class_list":["post-657","page","type-page","status-publish","hentry"],"yoast_head":"<!-- This site is optimized with the Yoast SEO Premium plugin v26.4 (Yoast SEO v26.8) - https:\/\/yoast.com\/product\/yoast-seo-premium-wordpress\/ -->\n<title>Heilpflanzen - Nettes Stadtgarten<\/title>\n<meta name=\"description\" content=\"Ihr wollt eure Gesundheit mit der Natur unterst\u00fctzen? Dann findet ihr hier die wichtigsten Grundlagen zu Heilpflanzen allgemein und Portr\u00e4ts. Schaut vorbei.\" \/>\n<meta name=\"robots\" content=\"index, follow, max-snippet:-1, max-image-preview:large, max-video-preview:-1\" \/>\n<link rel=\"canonical\" href=\"https:\/\/urban-gardening-blog.de\/Blog\/heilpflanzen\/\" \/>\n<meta property=\"og:locale\" content=\"de_DE\" \/>\n<meta property=\"og:type\" content=\"article\" \/>\n<meta property=\"og:title\" content=\"Heilpflanzen\" \/>\n<meta property=\"og:description\" content=\"Ihr wollt eure Gesundheit mit der Natur unterst\u00fctzen? Dann findet ihr hier die wichtigsten Grundlagen zu Heilpflanzen allgemein und Portr\u00e4ts. Schaut vorbei.\" \/>\n<meta property=\"og:url\" content=\"https:\/\/urban-gardening-blog.de\/Blog\/heilpflanzen\/\" \/>\n<meta property=\"og:site_name\" content=\"Nettes Stadtgarten\" \/>\n<meta property=\"article:modified_time\" content=\"2021-06-02T12:29:56+00:00\" \/>\n<meta property=\"og:image\" content=\"https:\/\/urban-gardening-blog.de\/Blog\/wp-content\/uploads\/2017\/01\/Tee-Kamille-Lavendel-300x214.jpg\" \/>\n<meta name=\"twitter:card\" content=\"summary_large_image\" \/>\n<meta name=\"twitter:label1\" content=\"Gesch\u00e4tzte Lesezeit\" \/>\n\t<meta name=\"twitter:data1\" content=\"1\u00a0Minute\" \/>\n<script type=\"application\/ld+json\" class=\"yoast-schema-graph\">{\"@context\":\"https:\/\/schema.org\",\"@graph\":[{\"@type\":\"WebPage\",\"@id\":\"https:\/\/urban-gardening-blog.de\/Blog\/heilpflanzen\/\",\"url\":\"https:\/\/urban-gardening-blog.de\/Blog\/heilpflanzen\/\",\"name\":\"Heilpflanzen - Nettes Stadtgarten\",\"isPartOf\":{\"@id\":\"https:\/\/urban-gardening-blog.de\/Blog\/#website\"},\"primaryImageOfPage\":{\"@id\":\"https:\/\/urban-gardening-blog.de\/Blog\/heilpflanzen\/#primaryimage\"},\"image\":{\"@id\":\"https:\/\/urban-gardening-blog.de\/Blog\/heilpflanzen\/#primaryimage\"},\"thumbnailUrl\":\"https:\/\/urban-gardening-blog.de\/Blog\/wp-content\/uploads\/2017\/01\/Tee-Kamille-Lavendel-300x214.jpg\",\"datePublished\":\"2017-01-14T08:31:47+00:00\",\"dateModified\":\"2021-06-02T12:29:56+00:00\",\"description\":\"Ihr wollt eure Gesundheit mit der Natur unterst\u00fctzen? Dann findet ihr hier die wichtigsten Grundlagen zu Heilpflanzen allgemein und Portr\u00e4ts. Schaut vorbei.\",\"breadcrumb\":{\"@id\":\"https:\/\/urban-gardening-blog.de\/Blog\/heilpflanzen\/#breadcrumb\"},\"inLanguage\":\"de\",\"potentialAction\":[{\"@type\":\"ReadAction\",\"target\":[\"https:\/\/urban-gardening-blog.de\/Blog\/heilpflanzen\/\"]}]},{\"@type\":\"ImageObject\",\"inLanguage\":\"de\",\"@id\":\"https:\/\/urban-gardening-blog.de\/Blog\/heilpflanzen\/#primaryimage\",\"url\":\"https:\/\/urban-gardening-blog.de\/Blog\/wp-content\/uploads\/2017\/01\/Tee-Kamille-Lavendel.jpg\",\"contentUrl\":\"https:\/\/urban-gardening-blog.de\/Blog\/wp-content\/uploads\/2017\/01\/Tee-Kamille-Lavendel.jpg\",\"width\":700,\"height\":499},{\"@type\":\"BreadcrumbList\",\"@id\":\"https:\/\/urban-gardening-blog.de\/Blog\/heilpflanzen\/#breadcrumb\",\"itemListElement\":[{\"@type\":\"ListItem\",\"position\":1,\"name\":\"Startseite\",\"item\":\"https:\/\/urban-gardening-blog.de\/Blog\/\"},{\"@type\":\"ListItem\",\"position\":2,\"name\":\"Heilpflanzen\"}]},{\"@type\":\"WebSite\",\"@id\":\"https:\/\/urban-gardening-blog.de\/Blog\/#website\",\"url\":\"https:\/\/urban-gardening-blog.de\/Blog\/\",\"name\":\"Nettes Stadtgarten\",\"description\":\"\",\"publisher\":{\"@id\":\"https:\/\/urban-gardening-blog.de\/Blog\/#\/schema\/person\/c13187a6abcdab35fb6cc9632cb49b56\"},\"potentialAction\":[{\"@type\":\"SearchAction\",\"target\":{\"@type\":\"EntryPoint\",\"urlTemplate\":\"https:\/\/urban-gardening-blog.de\/Blog\/?s={search_term_string}\"},\"query-input\":{\"@type\":\"PropertyValueSpecification\",\"valueRequired\":true,\"valueName\":\"search_term_string\"}}],\"inLanguage\":\"de\"},{\"@type\":[\"Person\",\"Organization\"],\"@id\":\"https:\/\/urban-gardening-blog.de\/Blog\/#\/schema\/person\/c13187a6abcdab35fb6cc9632cb49b56\",\"name\":\"Nette\",\"image\":{\"@type\":\"ImageObject\",\"inLanguage\":\"de\",\"@id\":\"https:\/\/urban-gardening-blog.de\/Blog\/#\/schema\/person\/image\/\",\"url\":\"https:\/\/urban-gardening-blog.de\/Blog\/wp-content\/uploads\/2025\/01\/cropped-NSG_Logo_Neu.png\",\"contentUrl\":\"https:\/\/urban-gardening-blog.de\/Blog\/wp-content\/uploads\/2025\/01\/cropped-NSG_Logo_Neu.png\",\"width\":512,\"height\":512,\"caption\":\"Nette\"},\"logo\":{\"@id\":\"https:\/\/urban-gardening-blog.de\/Blog\/#\/schema\/person\/image\/\"}}]}<\/script>\n<!-- \/ Yoast SEO Premium plugin. -->","yoast_head_json":{"title":"Heilpflanzen - Nettes Stadtgarten","description":"Ihr wollt eure Gesundheit mit der Natur unterst\u00fctzen? Dann findet ihr hier die wichtigsten Grundlagen zu Heilpflanzen allgemein und Portr\u00e4ts. Schaut vorbei.","robots":{"index":"index","follow":"follow","max-snippet":"max-snippet:-1","max-image-preview":"max-image-preview:large","max-video-preview":"max-video-preview:-1"},"canonical":"https:\/\/urban-gardening-blog.de\/Blog\/heilpflanzen\/","og_locale":"de_DE","og_type":"article","og_title":"Heilpflanzen","og_description":"Ihr wollt eure Gesundheit mit der Natur unterst\u00fctzen? Dann findet ihr hier die wichtigsten Grundlagen zu Heilpflanzen allgemein und Portr\u00e4ts. Schaut vorbei.","og_url":"https:\/\/urban-gardening-blog.de\/Blog\/heilpflanzen\/","og_site_name":"Nettes Stadtgarten","article_modified_time":"2021-06-02T12:29:56+00:00","og_image":[{"url":"https:\/\/urban-gardening-blog.de\/Blog\/wp-content\/uploads\/2017\/01\/Tee-Kamille-Lavendel-300x214.jpg","type":"","width":"","height":""}],"twitter_card":"summary_large_image","twitter_misc":{"Gesch\u00e4tzte Lesezeit":"1\u00a0Minute"},"schema":{"@context":"https:\/\/schema.org","@graph":[{"@type":"WebPage","@id":"https:\/\/urban-gardening-blog.de\/Blog\/heilpflanzen\/","url":"https:\/\/urban-gardening-blog.de\/Blog\/heilpflanzen\/","name":"Heilpflanzen - Nettes Stadtgarten","isPartOf":{"@id":"https:\/\/urban-gardening-blog.de\/Blog\/#website"},"primaryImageOfPage":{"@id":"https:\/\/urban-gardening-blog.de\/Blog\/heilpflanzen\/#primaryimage"},"image":{"@id":"https:\/\/urban-gardening-blog.de\/Blog\/heilpflanzen\/#primaryimage"},"thumbnailUrl":"https:\/\/urban-gardening-blog.de\/Blog\/wp-content\/uploads\/2017\/01\/Tee-Kamille-Lavendel-300x214.jpg","datePublished":"2017-01-14T08:31:47+00:00","dateModified":"2021-06-02T12:29:56+00:00","description":"Ihr wollt eure Gesundheit mit der Natur unterst\u00fctzen? Dann findet ihr hier die wichtigsten Grundlagen zu Heilpflanzen allgemein und Portr\u00e4ts. Schaut vorbei.","breadcrumb":{"@id":"https:\/\/urban-gardening-blog.de\/Blog\/heilpflanzen\/#breadcrumb"},"inLanguage":"de","potentialAction":[{"@type":"ReadAction","target":["https:\/\/urban-gardening-blog.de\/Blog\/heilpflanzen\/"]}]},{"@type":"ImageObject","inLanguage":"de","@id":"https:\/\/urban-gardening-blog.de\/Blog\/heilpflanzen\/#primaryimage","url":"https:\/\/urban-gardening-blog.de\/Blog\/wp-content\/uploads\/2017\/01\/Tee-Kamille-Lavendel.jpg","contentUrl":"https:\/\/urban-gardening-blog.de\/Blog\/wp-content\/uploads\/2017\/01\/Tee-Kamille-Lavendel.jpg","width":700,"height":499},{"@type":"BreadcrumbList","@id":"https:\/\/urban-gardening-blog.de\/Blog\/heilpflanzen\/#breadcrumb","itemListElement":[{"@type":"ListItem","position":1,"name":"Startseite","item":"https:\/\/urban-gardening-blog.de\/Blog\/"},{"@type":"ListItem","position":2,"name":"Heilpflanzen"}]},{"@type":"WebSite","@id":"https:\/\/urban-gardening-blog.de\/Blog\/#website","url":"https:\/\/urban-gardening-blog.de\/Blog\/","name":"Nettes Stadtgarten","description":"","publisher":{"@id":"https:\/\/urban-gardening-blog.de\/Blog\/#\/schema\/person\/c13187a6abcdab35fb6cc9632cb49b56"},"potentialAction":[{"@type":"SearchAction","target":{"@type":"EntryPoint","urlTemplate":"https:\/\/urban-gardening-blog.de\/Blog\/?s={search_term_string}"},"query-input":{"@type":"PropertyValueSpecification","valueRequired":true,"valueName":"search_term_string"}}],"inLanguage":"de"},{"@type":["Person","Organization"],"@id":"https:\/\/urban-gardening-blog.de\/Blog\/#\/schema\/person\/c13187a6abcdab35fb6cc9632cb49b56","name":"Nette","image":{"@type":"ImageObject","inLanguage":"de","@id":"https:\/\/urban-gardening-blog.de\/Blog\/#\/schema\/person\/image\/","url":"https:\/\/urban-gardening-blog.de\/Blog\/wp-content\/uploads\/2025\/01\/cropped-NSG_Logo_Neu.png","contentUrl":"https:\/\/urban-gardening-blog.de\/Blog\/wp-content\/uploads\/2025\/01\/cropped-NSG_Logo_Neu.png","width":512,"height":512,"caption":"Nette"},"logo":{"@id":"https:\/\/urban-gardening-blog.de\/Blog\/#\/schema\/person\/image\/"}}]}},"_links":{"self":[{"href":"https:\/\/urban-gardening-blog.de\/Blog\/wp-json\/wp\/v2\/pages\/657","targetHints":{"allow":["GET"]}}],"collection":[{"href":"https:\/\/urban-gardening-blog.de\/Blog\/wp-json\/wp\/v2\/pages"}],"about":[{"href":"https:\/\/urban-gardening-blog.de\/Blog\/wp-json\/wp\/v2\/types\/page"}],"author":[{"embeddable":true,"href":"https:\/\/urban-gardening-blog.de\/Blog\/wp-json\/wp\/v2\/users\/1"}],"replies":[{"embeddable":true,"href":"https:\/\/urban-gardening-blog.de\/Blog\/wp-json\/wp\/v2\/comments?post=657"}],"version-history":[{"count":9,"href":"https:\/\/urban-gardening-blog.de\/Blog\/wp-json\/wp\/v2\/pages\/657\/revisions"}],"predecessor-version":[{"id":1774,"href":"https:\/\/urban-gardening-blog.de\/Blog\/wp-json\/wp\/v2\/pages\/657\/revisions\/1774"}],"wp:attachment":[{"href":"https:\/\/urban-gardening-blog.de\/Blog\/wp-json\/wp\/v2\/media?parent=657"}],"curies":[{"name":"wp","href":"https:\/\/api.w.org\/{rel}","templated":true}]}}