{"id":229,"date":"2016-07-20T16:06:28","date_gmt":"2016-07-20T14:06:28","guid":{"rendered":"http:\/\/urban-gardening-blog.de\/Blog\/?page_id=229"},"modified":"2026-01-01T19:58:23","modified_gmt":"2026-01-01T18:58:23","slug":"links","status":"publish","type":"page","link":"https:\/\/urban-gardening-blog.de\/Blog\/infothek\/links\/","title":{"rendered":"Linksammlung"},"content":{"rendered":"\n<figure class=\"wp-block-image size-large is-resized\"><img loading=\"lazy\" decoding=\"async\" width=\"727\" height=\"652\" src=\"https:\/\/urban-gardening-blog.de\/Blog\/wp-content\/uploads\/2021\/08\/www-Symbol-1.png\" alt=\"Link Gartenblogs\" class=\"wp-image-1930\" style=\"width:300px;height:undefinedpx\" srcset=\"https:\/\/urban-gardening-blog.de\/Blog\/wp-content\/uploads\/2021\/08\/www-Symbol-1.png 727w, https:\/\/urban-gardening-blog.de\/Blog\/wp-content\/uploads\/2021\/08\/www-Symbol-1-300x269.png 300w\" sizes=\"auto, (max-width: 727px) 100vw, 727px\" \/><\/figure>\n\n\n<p>Als (Balkon-) G\u00e4rtner lernt man ja nie aus. Es gibt immer was Neues zum Entdecken und Nachlesen. Deshalb habe ich hier f\u00fcr euch eine Linksammlung zusammengestellt, wo ich am liebsten Nachlese.<\/p>\n<p>Wenn ich mal Rate brauche, eine Pflanze nicht erkenne oder einen eventuellen Sch\u00e4dling, hier in meinem Lieblingsforum finde ich immer Rat:<\/p>\n<p><a href=\"http:\/\/www.das-pflanzen-forum.de\/\">http:\/\/www.das-pflanzen-forum.de\/<\/a><\/p>\n<p>Au\u00dferdem gibt es noch ein paar andere Garten- und Balkonblogs, bei denen ich mir gerne Rat und Ideen hole. Hier meine Liebelingsblogs:<\/p>\n<p><a href=\"http:\/\/www.kistengruen.de\" target=\"_blank\" rel=\"noopener\">http:\/\/www.kistengruen.de<\/a><\/p>\n<p><a href=\"http:\/\/www.garten-fraeulein.de\/\" target=\"_blank\" rel=\"noopener\">http:\/\/www.garten-fraeulein.de\/<\/a><\/p>\n<p><a href=\"https:\/\/kati-ist-draussen.at\" target=\"_blank\" rel=\"noopener\">https:\/\/kati-ist-draussen.at<\/a><\/p>\n<p><a href=\"https:\/\/wildem\u00f6hre.at\" target=\"_blank\" rel=\"noopener\">https:\/\/wildem\u00f6hre.at<\/a><\/p>\n<p><a href=\"https:\/\/vegetation-daheim.info\" target=\"_blank\" rel=\"noopener\">https:\/\/vegetation-daheim.info<\/a><\/p>\n<p><a href=\"https:\/\/beetwunderung.de\/\" target=\"_blank\" rel=\"noopener\">https:\/\/beetwunderung.de\/<\/a><\/p>\n<p><a href=\"https:\/\/www.hauptstadtgarten.de\/\" target=\"_blank\" rel=\"noopener\">https:\/\/www.hauptstadtgarten.de\/<\/a><\/p>\n<p><a href=\"https:\/\/xn--grneliebe-r9a.de\/\" target=\"_blank\" rel=\"noopener\">https:\/\/gr\u00fcneliebe.de\/<\/a><\/p>\n<p><a href=\"https:\/\/www.sonjas-gartenfreuden.de\/\" target=\"_blank\" rel=\"noopener\">https:\/\/www.sonjas-gartenfreuden.de\/<\/a><\/p>\n<p><a href=\"https:\/\/www.blattbuddies.at\" target=\"_blank\" rel=\"noopener\">https:\/\/www.blattbuddies.at<\/a><\/p>\n<p><a href=\"https:\/\/www.twobalconies.de\" target=\"_blank\" rel=\"noopener\">https:\/\/www.twobalconies.de<\/a><\/p>\n<p><a href=\"https:\/\/balkonoase.com\" target=\"_blank\" rel=\"noopener\">https:\/\/balkonoase.com<\/a><\/p>\n\n\n<p><a href=\"https:\/\/www.balkonrebellin.de\">https:\/\/www.balkonrebellin.de<\/a><\/p>\n\n\n\n<p>https:\/\/rabenkr\u00e4uter.at<\/p>\n\n\n\n<p><a href=\"https:\/\/simones-balkongarten.de\">https:\/\/simones-balkongarten.de<\/a><\/p>\n\n\n\n<p>fraeuleinbluetenstaub.com<\/p>\n\n\n\n<p>Der-kleine-Horror-Garten.de<\/p>\n\n\n\n<p><br>Und wenn ich mal ein Rezept zur Verarbeitung aus dem DIY Naturheilkundebereich suche, schaue ich am liebsten bei Doris vorbei. Ich habe schon viele ihrer Rezepte ausprobiert und bin einfach begesitert!<\/p>\n\n\n\n<p><a href=\"https:\/\/www.mitliebegemacht.at\" target=\"_blank\" rel=\"noreferrer noopener\">https:\/\/www.mitliebegemacht.at<\/a><\/p>\n\n\n\n<h2 class=\"wp-block-heading\">Und woher beziehe ich meine Samen?<\/h2>\n\n\n\n<p>Am liebsten \u00fcber lokale Tauschb\u00f6rsen. Allerdings gibt es auch einige Versandh\u00e4ndler die verlockendes Biosaatgut verkaufen. Meine Favoriten sind [Werbung unbezahlt]:<\/p>\n\n\n\n<ul class=\"wp-block-list\">\n<li><a href=\"https:\/\/www.dreschflegel-shop.de\/\" target=\"_blank\" rel=\"noreferrer noopener\">Dreschflegel<\/a><\/li>\n\n\n\n<li><a href=\"https:\/\/www.bingenheimersaatgut.de\/de\" target=\"_blank\" rel=\"noreferrer noopener\">Bingenheimer<\/a><\/li>\n\n\n\n<li><a href=\"https:\/\/biogartenversand.de\/biosaatgut\" target=\"_blank\" rel=\"noreferrer noopener\">Hof Jeebel Bio-Saatgut <\/a><\/li>\n\n\n\n<li><a href=\"https:\/\/culinaris-saatgut.de\/\" target=\"_blank\" rel=\"noreferrer noopener\">Culinaris<\/a><\/li>\n<\/ul>\n\n\n\n<p><\/p>\n","protected":false},"excerpt":{"rendered":"<p>Als (Balkon-) G\u00e4rtner lernt man ja nie aus. Es gibt immer was Neues zum Entdecken und Nachlesen. Deshalb habe ich hier f\u00fcr euch eine Linksammlung zusammengestellt, wo ich am liebsten Nachlese. Wenn ich mal Rate brauche, eine Pflanze nicht erkenne oder einen eventuellen Sch\u00e4dling, hier in meinem Lieblingsforum finde ich immer Rat: http:\/\/www.das-pflanzen-forum.de\/ Au\u00dferdem gibt <a class=\"continue\" href=\"https:\/\/urban-gardening-blog.de\/Blog\/infothek\/links\/\">[Continue]<\/a><\/p>\n","protected":false},"author":1,"featured_media":0,"parent":51,"menu_order":1,"comment_status":"closed","ping_status":"closed","template":"","meta":{"_lmt_disableupdate":"no","_lmt_disable":"","footnotes":"","_wp_rev_ctl_limit":""},"class_list":["post-229","page","type-page","status-publish","hentry"],"yoast_head":"<!-- This site is optimized with the Yoast SEO Premium plugin v26.4 (Yoast SEO v26.8) - https:\/\/yoast.com\/product\/yoast-seo-premium-wordpress\/ -->\n<title>Linksammlung - Nettes Stadtgarten<\/title>\n<meta name=\"description\" content=\"Man lernt nie aus, deshalb habe ich f\u00fcr euch eine Linksammlung f\u00fcr alles was ihr nicht auf meinen Blog findet - klickt doch mal rein.\" \/>\n<meta name=\"robots\" content=\"index, follow, max-snippet:-1, max-image-preview:large, max-video-preview:-1\" \/>\n<link rel=\"canonical\" href=\"https:\/\/urban-gardening-blog.de\/Blog\/infothek\/links\/\" \/>\n<meta property=\"og:locale\" content=\"de_DE\" \/>\n<meta property=\"og:type\" content=\"article\" \/>\n<meta property=\"og:title\" content=\"Linksammlung\" \/>\n<meta property=\"og:description\" content=\"Man lernt nie aus, deshalb habe ich f\u00fcr euch eine Linksammlung f\u00fcr alles was ihr nicht auf meinen Blog findet - klickt doch mal rein.\" \/>\n<meta property=\"og:url\" content=\"https:\/\/urban-gardening-blog.de\/Blog\/infothek\/links\/\" \/>\n<meta property=\"og:site_name\" content=\"Nettes Stadtgarten\" \/>\n<meta property=\"article:modified_time\" content=\"2026-01-01T18:58:23+00:00\" \/>\n<meta property=\"og:image\" content=\"https:\/\/urban-gardening-blog.de\/Blog\/wp-content\/uploads\/2021\/08\/www-Symbol-1.png\" \/>\n\t<meta property=\"og:image:width\" content=\"727\" \/>\n\t<meta property=\"og:image:height\" content=\"652\" \/>\n\t<meta property=\"og:image:type\" content=\"image\/png\" \/>\n<meta name=\"twitter:card\" content=\"summary_large_image\" \/>\n<meta name=\"twitter:label1\" content=\"Gesch\u00e4tzte Lesezeit\" \/>\n\t<meta name=\"twitter:data1\" content=\"2\u00a0Minuten\" \/>\n<script type=\"application\/ld+json\" class=\"yoast-schema-graph\">{\"@context\":\"https:\/\/schema.org\",\"@graph\":[{\"@type\":\"WebPage\",\"@id\":\"https:\/\/urban-gardening-blog.de\/Blog\/infothek\/links\/\",\"url\":\"https:\/\/urban-gardening-blog.de\/Blog\/infothek\/links\/\",\"name\":\"Linksammlung - Nettes Stadtgarten\",\"isPartOf\":{\"@id\":\"https:\/\/urban-gardening-blog.de\/Blog\/#website\"},\"primaryImageOfPage\":{\"@id\":\"https:\/\/urban-gardening-blog.de\/Blog\/infothek\/links\/#primaryimage\"},\"image\":{\"@id\":\"https:\/\/urban-gardening-blog.de\/Blog\/infothek\/links\/#primaryimage\"},\"thumbnailUrl\":\"https:\/\/urban-gardening-blog.de\/Blog\/wp-content\/uploads\/2021\/08\/www-Symbol-1.png\",\"datePublished\":\"2016-07-20T14:06:28+00:00\",\"dateModified\":\"2026-01-01T18:58:23+00:00\",\"description\":\"Man lernt nie aus, deshalb habe ich f\u00fcr euch eine Linksammlung f\u00fcr alles was ihr nicht auf meinen Blog findet - klickt doch mal rein.\",\"breadcrumb\":{\"@id\":\"https:\/\/urban-gardening-blog.de\/Blog\/infothek\/links\/#breadcrumb\"},\"inLanguage\":\"de\",\"potentialAction\":[{\"@type\":\"ReadAction\",\"target\":[\"https:\/\/urban-gardening-blog.de\/Blog\/infothek\/links\/\"]}]},{\"@type\":\"ImageObject\",\"inLanguage\":\"de\",\"@id\":\"https:\/\/urban-gardening-blog.de\/Blog\/infothek\/links\/#primaryimage\",\"url\":\"https:\/\/urban-gardening-blog.de\/Blog\/wp-content\/uploads\/2021\/08\/www-Symbol-1.png\",\"contentUrl\":\"https:\/\/urban-gardening-blog.de\/Blog\/wp-content\/uploads\/2021\/08\/www-Symbol-1.png\",\"width\":727,\"height\":652},{\"@type\":\"BreadcrumbList\",\"@id\":\"https:\/\/urban-gardening-blog.de\/Blog\/infothek\/links\/#breadcrumb\",\"itemListElement\":[{\"@type\":\"ListItem\",\"position\":1,\"name\":\"Startseite\",\"item\":\"https:\/\/urban-gardening-blog.de\/Blog\/\"},{\"@type\":\"ListItem\",\"position\":2,\"name\":\"Infothek\",\"item\":\"https:\/\/urban-gardening-blog.de\/Blog\/infothek\/\"},{\"@type\":\"ListItem\",\"position\":3,\"name\":\"Linksammlung\"}]},{\"@type\":\"WebSite\",\"@id\":\"https:\/\/urban-gardening-blog.de\/Blog\/#website\",\"url\":\"https:\/\/urban-gardening-blog.de\/Blog\/\",\"name\":\"Nettes Stadtgarten\",\"description\":\"\",\"publisher\":{\"@id\":\"https:\/\/urban-gardening-blog.de\/Blog\/#\/schema\/person\/c13187a6abcdab35fb6cc9632cb49b56\"},\"potentialAction\":[{\"@type\":\"SearchAction\",\"target\":{\"@type\":\"EntryPoint\",\"urlTemplate\":\"https:\/\/urban-gardening-blog.de\/Blog\/?s={search_term_string}\"},\"query-input\":{\"@type\":\"PropertyValueSpecification\",\"valueRequired\":true,\"valueName\":\"search_term_string\"}}],\"inLanguage\":\"de\"},{\"@type\":[\"Person\",\"Organization\"],\"@id\":\"https:\/\/urban-gardening-blog.de\/Blog\/#\/schema\/person\/c13187a6abcdab35fb6cc9632cb49b56\",\"name\":\"Nette\",\"image\":{\"@type\":\"ImageObject\",\"inLanguage\":\"de\",\"@id\":\"https:\/\/urban-gardening-blog.de\/Blog\/#\/schema\/person\/image\/\",\"url\":\"https:\/\/urban-gardening-blog.de\/Blog\/wp-content\/uploads\/2025\/01\/cropped-NSG_Logo_Neu.png\",\"contentUrl\":\"https:\/\/urban-gardening-blog.de\/Blog\/wp-content\/uploads\/2025\/01\/cropped-NSG_Logo_Neu.png\",\"width\":512,\"height\":512,\"caption\":\"Nette\"},\"logo\":{\"@id\":\"https:\/\/urban-gardening-blog.de\/Blog\/#\/schema\/person\/image\/\"}}]}<\/script>\n<!-- \/ Yoast SEO Premium plugin. -->","yoast_head_json":{"title":"Linksammlung - Nettes Stadtgarten","description":"Man lernt nie aus, deshalb habe ich f\u00fcr euch eine Linksammlung f\u00fcr alles was ihr nicht auf meinen Blog findet - klickt doch mal rein.","robots":{"index":"index","follow":"follow","max-snippet":"max-snippet:-1","max-image-preview":"max-image-preview:large","max-video-preview":"max-video-preview:-1"},"canonical":"https:\/\/urban-gardening-blog.de\/Blog\/infothek\/links\/","og_locale":"de_DE","og_type":"article","og_title":"Linksammlung","og_description":"Man lernt nie aus, deshalb habe ich f\u00fcr euch eine Linksammlung f\u00fcr alles was ihr nicht auf meinen Blog findet - klickt doch mal rein.","og_url":"https:\/\/urban-gardening-blog.de\/Blog\/infothek\/links\/","og_site_name":"Nettes Stadtgarten","article_modified_time":"2026-01-01T18:58:23+00:00","og_image":[{"width":727,"height":652,"url":"https:\/\/urban-gardening-blog.de\/Blog\/wp-content\/uploads\/2021\/08\/www-Symbol-1.png","type":"image\/png"}],"twitter_card":"summary_large_image","twitter_misc":{"Gesch\u00e4tzte Lesezeit":"2\u00a0Minuten"},"schema":{"@context":"https:\/\/schema.org","@graph":[{"@type":"WebPage","@id":"https:\/\/urban-gardening-blog.de\/Blog\/infothek\/links\/","url":"https:\/\/urban-gardening-blog.de\/Blog\/infothek\/links\/","name":"Linksammlung - Nettes Stadtgarten","isPartOf":{"@id":"https:\/\/urban-gardening-blog.de\/Blog\/#website"},"primaryImageOfPage":{"@id":"https:\/\/urban-gardening-blog.de\/Blog\/infothek\/links\/#primaryimage"},"image":{"@id":"https:\/\/urban-gardening-blog.de\/Blog\/infothek\/links\/#primaryimage"},"thumbnailUrl":"https:\/\/urban-gardening-blog.de\/Blog\/wp-content\/uploads\/2021\/08\/www-Symbol-1.png","datePublished":"2016-07-20T14:06:28+00:00","dateModified":"2026-01-01T18:58:23+00:00","description":"Man lernt nie aus, deshalb habe ich f\u00fcr euch eine Linksammlung f\u00fcr alles was ihr nicht auf meinen Blog findet - klickt doch mal rein.","breadcrumb":{"@id":"https:\/\/urban-gardening-blog.de\/Blog\/infothek\/links\/#breadcrumb"},"inLanguage":"de","potentialAction":[{"@type":"ReadAction","target":["https:\/\/urban-gardening-blog.de\/Blog\/infothek\/links\/"]}]},{"@type":"ImageObject","inLanguage":"de","@id":"https:\/\/urban-gardening-blog.de\/Blog\/infothek\/links\/#primaryimage","url":"https:\/\/urban-gardening-blog.de\/Blog\/wp-content\/uploads\/2021\/08\/www-Symbol-1.png","contentUrl":"https:\/\/urban-gardening-blog.de\/Blog\/wp-content\/uploads\/2021\/08\/www-Symbol-1.png","width":727,"height":652},{"@type":"BreadcrumbList","@id":"https:\/\/urban-gardening-blog.de\/Blog\/infothek\/links\/#breadcrumb","itemListElement":[{"@type":"ListItem","position":1,"name":"Startseite","item":"https:\/\/urban-gardening-blog.de\/Blog\/"},{"@type":"ListItem","position":2,"name":"Infothek","item":"https:\/\/urban-gardening-blog.de\/Blog\/infothek\/"},{"@type":"ListItem","position":3,"name":"Linksammlung"}]},{"@type":"WebSite","@id":"https:\/\/urban-gardening-blog.de\/Blog\/#website","url":"https:\/\/urban-gardening-blog.de\/Blog\/","name":"Nettes Stadtgarten","description":"","publisher":{"@id":"https:\/\/urban-gardening-blog.de\/Blog\/#\/schema\/person\/c13187a6abcdab35fb6cc9632cb49b56"},"potentialAction":[{"@type":"SearchAction","target":{"@type":"EntryPoint","urlTemplate":"https:\/\/urban-gardening-blog.de\/Blog\/?s={search_term_string}"},"query-input":{"@type":"PropertyValueSpecification","valueRequired":true,"valueName":"search_term_string"}}],"inLanguage":"de"},{"@type":["Person","Organization"],"@id":"https:\/\/urban-gardening-blog.de\/Blog\/#\/schema\/person\/c13187a6abcdab35fb6cc9632cb49b56","name":"Nette","image":{"@type":"ImageObject","inLanguage":"de","@id":"https:\/\/urban-gardening-blog.de\/Blog\/#\/schema\/person\/image\/","url":"https:\/\/urban-gardening-blog.de\/Blog\/wp-content\/uploads\/2025\/01\/cropped-NSG_Logo_Neu.png","contentUrl":"https:\/\/urban-gardening-blog.de\/Blog\/wp-content\/uploads\/2025\/01\/cropped-NSG_Logo_Neu.png","width":512,"height":512,"caption":"Nette"},"logo":{"@id":"https:\/\/urban-gardening-blog.de\/Blog\/#\/schema\/person\/image\/"}}]}},"_links":{"self":[{"href":"https:\/\/urban-gardening-blog.de\/Blog\/wp-json\/wp\/v2\/pages\/229","targetHints":{"allow":["GET"]}}],"collection":[{"href":"https:\/\/urban-gardening-blog.de\/Blog\/wp-json\/wp\/v2\/pages"}],"about":[{"href":"https:\/\/urban-gardening-blog.de\/Blog\/wp-json\/wp\/v2\/types\/page"}],"author":[{"embeddable":true,"href":"https:\/\/urban-gardening-blog.de\/Blog\/wp-json\/wp\/v2\/users\/1"}],"replies":[{"embeddable":true,"href":"https:\/\/urban-gardening-blog.de\/Blog\/wp-json\/wp\/v2\/comments?post=229"}],"version-history":[{"count":35,"href":"https:\/\/urban-gardening-blog.de\/Blog\/wp-json\/wp\/v2\/pages\/229\/revisions"}],"predecessor-version":[{"id":3079,"href":"https:\/\/urban-gardening-blog.de\/Blog\/wp-json\/wp\/v2\/pages\/229\/revisions\/3079"}],"up":[{"embeddable":true,"href":"https:\/\/urban-gardening-blog.de\/Blog\/wp-json\/wp\/v2\/pages\/51"}],"wp:attachment":[{"href":"https:\/\/urban-gardening-blog.de\/Blog\/wp-json\/wp\/v2\/media?parent=229"}],"curies":[{"name":"wp","href":"https:\/\/api.w.org\/{rel}","templated":true}]}}